2
What is the remainder when 572 is divided by 203?
166
Calculate the remainder when 344 is divided by 9.
2
Calculate the remainder when 313 is divided by 150.
13
What is the remainder when 541 is divided by 114?
85
Calculate the remainder when 86952 is divided by 11.
8
Calculate the remainder when 124 is divided by 26.
20
Calculate the remainder when 649 is divided by 15.
4
What is the remainder when 390 is divided by 2?
0
Calculate the remainder when 223 is divided by 115.
108
What is the remainder when 2407 is divided by 28?
27
Calculate the remainder when 140 is divided by 8.
4
Calculate the remainder when 32 is divided by 7.
4
What is the remainder when 36 is divided by 17?
2
What is the remainder when 416 is divided by 10?
6
Calculate the remainder when 110 is divided by 28.
26
What is the remainder when 267 is divided by 30?
27
What is the remainder when 308 is divided by 39?
35
Calculate the remainder when 46509 is divided by 144.
141
Calculate the remainder when 57 is divided by 6.
3
Calculate the remainder when 31 is divided by 26.
5
What is the remainder when 158 is divided by 44?
26
What is the remainder when 595 is divided by 132?
67
What is the remainder when 4128 is divided by 35?
33
What is the remainder when 162 is divided by 35?
22
Calculate the remainder when 7540 is divided by 111.
103
Calculate the remainder when 2392 is divided by 42.
40
What is the remainder when 47 is divided by 18?
11
What is the remainder when 1325 is divided by 17?
16
What is the remainder when 197 is divided by 191?
6
Calculate the remainder when 146 is divided by 45.
11
What is the remainder when 377 is divided by 66?
47
What is the remainder when 853 is divided by 9?
7
What is the remainder when 798 is divided by 50?
48
Calculate the remainder when 92 is divided by 16.
12
What is the remainder when 272 is divided by 261?
11
What is the remainder when 155 is divided by 10?
5
What is the remainder when 266 is divided by 12?
2
What is the remainder when 6171 is divided by 147?
144
Calculate the remainder when 4063 is divided by 16.
15
Calculate the remainder when 5099 is divided by 10.
9
What is the remainder when 820 is divided by 45?
10
Calculate the remainder when 2329 is divided by 136.
17
Calculate the remainder when 713 is divided by 184.
161
Calculate the remainder when 33368 is divided by 71.
69
What is the remainder when 726 is divided by 9?
6
Calculate the remainder when 369 is divided by 29.
21
Calculate the remainder when 621 is divided by 89.
87
What is the remainder when 71 is divided by 26?
19
What is the remainder when 152 is divided by 36?
8
What is the remainder when 597 is divided by 60?
57
Calculate the remainder when 146 is divided by 28.
6
What is the remainder when 575 is divided by 116?
111
Calculate the remainder when 1502 is divided by 43.
40
What is the remainder when 270 is divided by 106?
58
Calculate the remainder when 11 is divided by 8.
3
Calculate the remainder when 193 is divided by 135.
58
What is the remainder when 282 is divided by 143?
139
What is the remainder when 459 is divided by 43?
29
What is the remainder when 1706 is divided by 134?
98
What is the remainder when 2399 is divided by 342?
5
What is the remainder when 399 is divided by 169?
61
What is the remainder when 452 is divided by 222?
8
Calculate the remainder when 907 is divided by 91.
88
Calculate the remainder when 799 is divided by 25.
24
What is the remainder when 4603 is divided by 14?
11
What is the remainder when 227 is divided by 39?
32
Calculate the remainder when 3114 is divided by 82.
80
Calculate the remainder when 3293 is divided by 28.
17
What is the remainder when 354 is divided by 90?
84
What is the remainder when 184 is divided by 60?
4
What is the remainder when 229 is divided by 71?
16
What is the remainder when 874 is divided by 80?
74
Calculate the remainder when 254 is divided by 40.
14
What is the remainder when 82 is divided by 54?
28
Calculate the remainder when 139 is divided by 40.
19
What is the remainder when 647 is divided by 643?
4
Calculate the remainder when 205 is divided by 15.
10
What is the remainder when 47 is divided by 22?
3
What is the remainder when 1969 is divided by 141?
136
What is the remainder when 302 is divided by 16?
14
What is the remainder when 149 is divided by 16?
5
What is the remainder when 266 is divided by 43?
8
Calculate the remainder when 199 is divided by 25.
24
Calculate the remainder when 1020 is divided by 491.
38
Calculate the remainder when 191 is divided by 167.
24
What is the remainder when 1366 is divided by 156?
118
What is the remainder when 200 is divided by 16?
8
What is the remainder when 1638 is divided by 327?
3
Calculate the remainder when 293 is divided by 106.
81
What is the remainder when 40 is divided by 28?
12
What is the remainder when 636 is divided by 20?
16
Calculate the remainder when 783 is divided by 53.
41
Calculate the remainder when 72 is divided by 42.
30
Calculate the remainder when 17176 is divided by 42.
40
What is the remainder when 344 is divided by 95?
59
Calculate the remainder when 6858 is divided by 140.
138
What is the remainder when 9157 is divided by 19?
18
Calculate the remainder when 1232 is divided by 136.
8
Calculate the remainder when 104 is divided by 64.
40
Calculate the remainder when 67 is divided by 31.
5
What is the remainder when 971 is divided by 86?
25
Calculate the remainder when 159 is divided by 50.
9
What is the remainder when 1252 is divided by 79?
67
What is the remainder when 160 is divided by 21?
13
Calculate the remainder when 3180 is divided by 8.
4
What is the remainder when 234 is divided by 24?
18
Calculate the remainder when 7297 is divided by 292.
289
Calculate the remainder when 48 is divided by 12.
0
What is the remainder when 524 is divided by 23?
18
Calculate the remainder when 525 is divided by 179.
167
Calculate the remainder when 297 is divided by 44.
33
What is the remainder when 124 is divided by 29?
8
What is the remainder when 2111 is divided by 66?
65
Calculate the remainder when 267 is divided by 9.
6
What is the remainder when 7 is divided by 3?
1
Calculate the remainder when 9747 is divided by 130.
127
Calculate the remainder when 1308 is divided by 69.
66
Calculate the remainder when 164 is divided by 13.
8
What is the remainder when 251 is divided by 28?
27
What is the remainder when 821 is divided by 64?
53
What is the remainder when 130 is divided by 57?
16
Calculate the remainder when 789 is divided by 88.
85
What is the remainder when 373 is divided by 22?
21
What is the remainder when 27 is divided by 6?
3
Calculate the remainder when 565 is divided by 27.
25
What is the remainder when 286 is divided by 105?
76
What is the remainder when 709 is divided by 237?
235
Calculate the remainder when 90 is divided by 73.
17
Calculate the remainder when 405 is divided by 2.
1
What is the remainder when 9519 is divided by 18?
15
Calculate the remainder when 497 is divided by 40.
17
What is the remainder when 207 is divided by 192?
15
What is the remainder when 61 is divided by 38?
23
What is the remainder when 50 is divided by 40?
10
What is the remainder when 36 is divided by 5?
1
What is the remainder when 5002 is divided by 7?
4
Calculate the remainder when 39549 is divided by 32.
29
Calculate the remainder when 886 is divided by 83.
56
Calculate the remainder when 11 is divided by 6.
5
What is the remainder when 879 is divided by 147?
144
Calculate the remainder when 152 is divided by 47.
11
What is the remainder when 543 is divided by 32?
31
Calculate the remainder when 51 is divided by 12.
3
What is the remainder when 1878 is divided by 57?
54
What is the remainder when 692 is divided by 24?
20
What is the remainder when 270 is divided by 3?
0
Calculate the remainder when 53 is divided by 18.
17
Calculate the remainder when 677 is divided by 140.
117
Calculate the remainder when 3463 is divided by 105.
103
What is the remainder when 56 is divided by 30?
26
Calculate the remainder when 292 is divided by 21.
19
Calculate the remainder when 117 is divided by 32.
21
Calculate the remainder when 113 is divided by 33.
14
Calculate the remainder when 11763 is divided by 222.
219
Calculate the remainder 